{"id":803,"date":"2023-09-13T18:02:41","date_gmt":"2023-09-13T21:02:41","guid":{"rendered":"https:\/\/mataraunaputasindicalista.com.ar\/?page_id=803"},"modified":"2024-08-20T15:10:54","modified_gmt":"2024-08-20T18:10:54","slug":"acerca-de","status":"publish","type":"page","link":"https:\/\/mataraunaputasindicalista.com.ar\/index.php\/acerca-de\/","title":{"rendered":"Acerca de"},"content":{"rendered":"\t\t<div data-elementor-type=\"wp-page\" data-elementor-id=\"803\" class=\"elementor elementor-803\" data-elementor-settings=\"{&quot;ha_cmc_init_switcher&quot;:&quot;no&quot;}\">\n\t\t\t\t\t\t<section class=\"elementor-section elementor-top-section elementor-element elementor-element-19166065 elementor-section-boxed elementor-section-height-default elementor-section-height-default\" data-id=\"19166065\" data-element_type=\"section\" data-e-type=\"section\">\n\t\t\t\t\t\t<div class=\"elementor-container elementor-column-gap-default\">\n\t\t\t\t\t<div class=\"elementor-column elementor-col-100 elementor-top-column elementor-element elementor-element-91c9f40\" data-id=\"91c9f40\" data-element_type=\"column\" data-e-type=\"column\">\n\t\t\t<div class=\"elementor-widget-wrap elementor-element-populated\">\n\t\t\t\t\t\t<div class=\"elementor-element elementor-element-bafe258 elementor-widget elementor-widget-ha-post-featured-image happy-addon ha-post-featured-image\" data-id=\"bafe258\" data-element_type=\"widget\" data-e-type=\"widget\" data-widget_type=\"ha-post-featured-image.default\">\n\t\t\t\t<div class=\"elementor-widget-container\">\n\t\t\t\t\t<img fetchpriority=\"high\" decoding=\"async\" width=\"2560\" height=\"1707\" src=\"https:\/\/mataraunaputasindicalista.com.ar\/wp-content\/uploads\/2023\/10\/MG_9813-scaled.jpg\" class=\"attachment-full size-full wp-post-image\" alt=\"\" srcset=\"https:\/\/mataraunaputasindicalista.com.ar\/wp-content\/uploads\/2023\/10\/MG_9813-scaled.jpg 2560w, https:\/\/mataraunaputasindicalista.com.ar\/wp-content\/uploads\/2023\/10\/MG_9813-300x200.jpg 300w, https:\/\/mataraunaputasindicalista.com.ar\/wp-content\/uploads\/2023\/10\/MG_9813-1024x683.jpg 1024w, https:\/\/mataraunaputasindicalista.com.ar\/wp-content\/uploads\/2023\/10\/MG_9813-768x512.jpg 768w, https:\/\/mataraunaputasindicalista.com.ar\/wp-content\/uploads\/2023\/10\/MG_9813-1536x1024.jpg 1536w, https:\/\/mataraunaputasindicalista.com.ar\/wp-content\/uploads\/2023\/10\/MG_9813-2048x1365.jpg 2048w\" sizes=\"(max-width: 2560px) 100vw, 2560px\" \/>\t\t\t\t<\/div>\n\t\t\t\t<\/div>\n\t\t\t\t\t<\/div>\n\t\t<\/div>\n\t\t\t\t\t<\/div>\n\t\t<\/section>\n\t\t\t\t<section class=\"elementor-section elementor-top-section elementor-element elementor-element-fbd906e elementor-section-boxed elementor-section-height-default elementor-section-height-default\" data-id=\"fbd906e\" data-element_type=\"section\" data-e-type=\"section\">\n\t\t\t\t\t\t<div class=\"elementor-container elementor-column-gap-default\">\n\t\t\t\t\t<div class=\"elementor-column elementor-col-100 elementor-top-column elementor-element elementor-element-d53c811\" data-id=\"d53c811\" data-element_type=\"column\" data-e-type=\"column\">\n\t\t\t<div class=\"elementor-widget-wrap elementor-element-populated\">\n\t\t\t\t\t\t<div class=\"elementor-element elementor-element-4a7fae7 elementor-widget elementor-widget-text-editor\" data-id=\"4a7fae7\" data-element_type=\"widget\" data-e-type=\"widget\" data-widget_type=\"text-editor.default\">\n\t\t\t\t<div class=\"elementor-widget-container\">\n\t\t\t\t\t\t\t\t\t<p>Foto: Ana Isla<\/p>\t\t\t\t\t\t\t\t<\/div>\n\t\t\t\t<\/div>\n\t\t\t\t\t<\/div>\n\t\t<\/div>\n\t\t\t\t\t<\/div>\n\t\t<\/section>\n\t\t\t\t<section class=\"elementor-section elementor-top-section elementor-element elementor-element-e30c6fc elementor-section-boxed elementor-section-height-default elementor-section-height-default\" data-id=\"e30c6fc\" data-element_type=\"section\" data-e-type=\"section\">\n\t\t\t\t\t\t<div class=\"elementor-container elementor-column-gap-default\">\n\t\t\t\t\t<div class=\"elementor-column elementor-col-100 elementor-top-column elementor-element elementor-element-7cabeb8\" data-id=\"7cabeb8\" data-element_type=\"column\" data-e-type=\"column\">\n\t\t\t<div class=\"elementor-widget-wrap elementor-element-populated\">\n\t\t\t\t\t\t<div class=\"elementor-element elementor-element-e3318ef elementor-widget elementor-widget-text-editor\" data-id=\"e3318ef\" data-element_type=\"widget\" data-e-type=\"widget\" data-widget_type=\"text-editor.default\">\n\t\t\t\t<div class=\"elementor-widget-container\">\n\t\t\t\t\t\t\t\t\t<span>Matar a una puta sindicalista es un podcast de Arlen Buchara, Laura Hintze y Paula Manini producido por Parque Podcast con la colaboraci\u00f3n de Erre Podcast. La serie busca recuperar la historia de Sandra Cabrera como trabajadora sexual y dirigente sindical dentro del movimiento obrero argentino y feminista en los primeros a\u00f1os del 2000. Se enfoca en qu\u00e9 pas\u00f3 la madrugada del 27 de enero de 2004, cuando fue asesinada de un disparo en la nuca en un crimen impune con tintes mafiosos y v\u00ednculos policiales.\u00a0<\/span>\t\t\t\t\t\t\t\t<\/div>\n\t\t\t\t<\/div>\n\t\t\t\t\t<\/div>\n\t\t<\/div>\n\t\t\t\t\t<\/div>\n\t\t<\/section>\n\t\t\t\t<section class=\"elementor-section elementor-top-section elementor-element elementor-element-e0d7c76 elementor-section-boxed elementor-section-height-default elementor-section-height-default\" data-id=\"e0d7c76\" data-element_type=\"section\" data-e-type=\"section\">\n\t\t\t\t\t\t<div class=\"elementor-container elementor-column-gap-default\">\n\t\t\t\t\t<div class=\"elementor-column elementor-col-100 elementor-top-column elementor-element elementor-element-50973c9\" data-id=\"50973c9\" data-element_type=\"column\" data-e-type=\"column\">\n\t\t\t<div class=\"elementor-widget-wrap elementor-element-populated\">\n\t\t\t\t\t\t<div class=\"elementor-element elementor-element-9b69a80 elementor-widget elementor-widget-heading\" data-id=\"9b69a80\" data-element_type=\"widget\" data-e-type=\"widget\" data-widget_type=\"heading.default\">\n\t\t\t\t<div class=\"elementor-widget-container\">\n\t\t\t\t\t<h5 class=\"elementor-heading-title elementor-size-default\">Cr\u00e9ditos<\/h5>\t\t\t\t<\/div>\n\t\t\t\t<\/div>\n\t\t\t\t<div class=\"elementor-element elementor-element-1a0dabd elementor-widget elementor-widget-text-editor\" data-id=\"1a0dabd\" data-element_type=\"widget\" data-e-type=\"widget\" data-widget_type=\"text-editor.default\">\n\t\t\t\t<div class=\"elementor-widget-container\">\n\t\t\t\t\t\t\t\t\t<p><span style=\"font-weight: 400;\">Coordinaci\u00f3n general y producci\u00f3n ejecutiva: Parque Podcast. Idea original, investigaci\u00f3n, producci\u00f3n y gui\u00f3n: Arlen Buchara y Laura Hintze. Direcci\u00f3n de sonido: Paula Manini. Host: Arlen Buchara. Direcci\u00f3n art\u00edstica: Mart\u00edn Parodi. Edici\u00f3n de gui\u00f3n y de investigaci\u00f3n: Sebasti\u00e1n Ortega. Asistencia de producci\u00f3n y grabaci\u00f3n: Erre Podcast. Dise\u00f1o y programaci\u00f3n web: Ana Pfefferkorn. Ilustraci\u00f3n: Malena Guerrero. Fotograf\u00eda: Ana Isla. <\/span><\/p>\t\t\t\t\t\t\t\t<\/div>\n\t\t\t\t<\/div>\n\t\t\t\t\t<\/div>\n\t\t<\/div>\n\t\t\t\t\t<\/div>\n\t\t<\/section>\n\t\t\t\t<section class=\"elementor-section elementor-top-section elementor-element elementor-element-7264c2a elementor-section-boxed elementor-section-height-default elementor-section-height-default\" data-id=\"7264c2a\" data-element_type=\"section\" data-e-type=\"section\">\n\t\t\t\t\t\t<div class=\"elementor-container elementor-column-gap-default\">\n\t\t\t\t\t<div class=\"elementor-column elementor-col-100 elementor-top-column elementor-element elementor-element-0f4c654\" data-id=\"0f4c654\" data-element_type=\"column\" data-e-type=\"column\">\n\t\t\t<div class=\"elementor-widget-wrap elementor-element-populated\">\n\t\t\t\t\t\t<div class=\"elementor-element elementor-element-5b48149 elementor-widget elementor-widget-heading\" data-id=\"5b48149\" data-element_type=\"widget\" data-e-type=\"widget\" data-widget_type=\"heading.default\">\n\t\t\t\t<div class=\"elementor-widget-container\">\n\t\t\t\t\t<h4 class=\"elementor-heading-title elementor-size-default\">Este proYecto es posible gracias a:<\/h4>\t\t\t\t<\/div>\n\t\t\t\t<\/div>\n\t\t\t\t<div class=\"elementor-element elementor-element-f7d73d6 elementor-widget elementor-widget-text-editor\" data-id=\"f7d73d6\" data-element_type=\"widget\" data-e-type=\"widget\" data-widget_type=\"text-editor.default\">\n\t\t\t\t<div class=\"elementor-widget-container\">\n\t\t\t\t\t\t\t\t\t<p><span style=\"font-weight: 400;\">Inspiratorio- Conexiones para el cambio.\u00a0<\/span><\/p><p><span style=\"font-weight: 400;\">Plan de Fomento Ventanilla Continua del Ministerio de Cultura de la provincia de Santa Fe.\u00a0<\/span><\/p><p><span style=\"font-weight: 400;\">C\u00e1mara de Senadores de la provincia de Santa Fe.\u00a0<\/span><\/p><p><span style=\"font-weight: 400;\">Direcci\u00f3n de Diversidad Sexual de la Municipalidad de Rosario.<\/span><\/p><p><span style=\"font-weight: 400;\">Comisi\u00f3n de G\u00e9neros y Disidencias del Concejo Municipal de Rosario.\u00a0<\/span><\/p><p><span style=\"font-weight: 400;\">Concejalas Julia Irigoit\u00eda y Norma L\u00f3pez.\u00a0<\/span><\/p><p><span style=\"font-weight: 400;\">Diputadas y diputados de la Legislatura de Santa Fe: Carlos Del Frade, D\u00e1maris Pacchiotti, Lucila De Ponti, Claudia Balagu\u00e9, M\u00f3nica Peralta, Lionela Catallini, Agustina Donnet, \u00c9rica Eynes y Matilde Bruera.\u00a0<\/span><\/p><p><span style=\"font-weight: 400;\">Diario El Ciudadano.<\/span><\/p>\t\t\t\t\t\t\t\t<\/div>\n\t\t\t\t<\/div>\n\t\t\t\t\t<\/div>\n\t\t<\/div>\n\t\t\t\t\t<\/div>\n\t\t<\/section>\n\t\t\t\t<section class=\"elementor-section elementor-top-section elementor-element elementor-element-491ef64 elementor-section-boxed elementor-section-height-default elementor-section-height-default\" data-id=\"491ef64\" data-element_type=\"section\" data-e-type=\"section\">\n\t\t\t\t\t\t<div class=\"elementor-container elementor-column-gap-default\">\n\t\t\t\t\t<div class=\"elementor-column elementor-col-33 elementor-top-column elementor-element elementor-element-c6c4236\" data-id=\"c6c4236\" data-element_type=\"column\" data-e-type=\"column\">\n\t\t\t<div class=\"elementor-widget-wrap elementor-element-populated\">\n\t\t\t\t\t\t<div class=\"elementor-element elementor-element-26b140b elementor-widget elementor-widget-image\" data-id=\"26b140b\" data-element_type=\"widget\" data-e-type=\"widget\" data-widget_type=\"image.default\">\n\t\t\t\t<div class=\"elementor-widget-container\">\n\t\t\t\t\t\t\t\t\t\t\t\t\t\t\t<img decoding=\"async\" width=\"300\" height=\"297\" src=\"https:\/\/mataraunaputasindicalista.com.ar\/wp-content\/uploads\/2023\/10\/Logo_vertical_negro-300x297.png\" class=\"attachment-medium size-medium wp-image-1571\" alt=\"\" srcset=\"https:\/\/mataraunaputasindicalista.com.ar\/wp-content\/uploads\/2023\/10\/Logo_vertical_negro-300x297.png 300w, https:\/\/mataraunaputasindicalista.com.ar\/wp-content\/uploads\/2023\/10\/Logo_vertical_negro-1024x1014.png 1024w, https:\/\/mataraunaputasindicalista.com.ar\/wp-content\/uploads\/2023\/10\/Logo_vertical_negro-150x150.png 150w, https:\/\/mataraunaputasindicalista.com.ar\/wp-content\/uploads\/2023\/10\/Logo_vertical_negro-768x760.png 768w, https:\/\/mataraunaputasindicalista.com.ar\/wp-content\/uploads\/2023\/10\/Logo_vertical_negro.png 1092w\" sizes=\"(max-width: 300px) 100vw, 300px\" \/>\t\t\t\t\t\t\t\t\t\t\t\t\t\t\t<\/div>\n\t\t\t\t<\/div>\n\t\t\t\t\t<\/div>\n\t\t<\/div>\n\t\t\t\t<div class=\"elementor-column elementor-col-33 elementor-top-column elementor-element elementor-element-ff7d2ca\" data-id=\"ff7d2ca\" data-element_type=\"column\" data-e-type=\"column\">\n\t\t\t<div class=\"elementor-widget-wrap elementor-element-populated\">\n\t\t\t\t\t\t<div class=\"elementor-element elementor-element-7a561f4 elementor-widget elementor-widget-image\" data-id=\"7a561f4\" data-element_type=\"widget\" data-e-type=\"widget\" data-widget_type=\"image.default\">\n\t\t\t\t<div class=\"elementor-widget-container\">\n\t\t\t\t\t\t\t\t\t\t\t\t\t\t\t<img decoding=\"async\" width=\"254\" height=\"300\" src=\"https:\/\/mataraunaputasindicalista.com.ar\/wp-content\/uploads\/2023\/10\/Plan-fomento_negro-254x300.png\" class=\"attachment-medium size-medium wp-image-1578\" alt=\"\" srcset=\"https:\/\/mataraunaputasindicalista.com.ar\/wp-content\/uploads\/2023\/10\/Plan-fomento_negro-254x300.png 254w, https:\/\/mataraunaputasindicalista.com.ar\/wp-content\/uploads\/2023\/10\/Plan-fomento_negro.png 522w\" sizes=\"(max-width: 254px) 100vw, 254px\" \/>\t\t\t\t\t\t\t\t\t\t\t\t\t\t\t<\/div>\n\t\t\t\t<\/div>\n\t\t\t\t\t<\/div>\n\t\t<\/div>\n\t\t\t\t<div class=\"elementor-column elementor-col-33 elementor-top-column elementor-element elementor-element-e466b7b\" data-id=\"e466b7b\" data-element_type=\"column\" data-e-type=\"column\">\n\t\t\t<div class=\"elementor-widget-wrap elementor-element-populated\">\n\t\t\t\t\t\t<div class=\"elementor-element elementor-element-cbf08af elementor-widget elementor-widget-image\" data-id=\"cbf08af\" data-element_type=\"widget\" data-e-type=\"widget\" data-widget_type=\"image.default\">\n\t\t\t\t<div class=\"elementor-widget-container\">\n\t\t\t\t\t\t\t\t\t\t\t\t\t\t\t<img loading=\"lazy\" decoding=\"async\" width=\"1080\" height=\"1080\" src=\"https:\/\/mataraunaputasindicalista.com.ar\/wp-content\/uploads\/2023\/10\/logo-santa-fe.png\" class=\"attachment-full size-full wp-image-1579\" alt=\"\" srcset=\"https:\/\/mataraunaputasindicalista.com.ar\/wp-content\/uploads\/2023\/10\/logo-santa-fe.png 1080w, https:\/\/mataraunaputasindicalista.com.ar\/wp-content\/uploads\/2023\/10\/logo-santa-fe-300x300.png 300w, https:\/\/mataraunaputasindicalista.com.ar\/wp-content\/uploads\/2023\/10\/logo-santa-fe-1024x1024.png 1024w, https:\/\/mataraunaputasindicalista.com.ar\/wp-content\/uploads\/2023\/10\/logo-santa-fe-150x150.png 150w, https:\/\/mataraunaputasindicalista.com.ar\/wp-content\/uploads\/2023\/10\/logo-santa-fe-768x768.png 768w\" sizes=\"(max-width: 1080px) 100vw, 1080px\" \/>\t\t\t\t\t\t\t\t\t\t\t\t\t\t\t<\/div>\n\t\t\t\t<\/div>\n\t\t\t\t\t<\/div>\n\t\t<\/div>\n\t\t\t\t\t<\/div>\n\t\t<\/section>\n\t\t\t\t<\/div>\n\t\t","protected":false},"excerpt":{"rendered":"<p>Foto: Ana Isla Matar a una puta sindicalista es un podcast de Arlen Buchara, Laura Hintze y Paula Manini producido por Parque Podcast con la colaboraci\u00f3n de Erre Podcast. La serie busca recuperar la historia de Sandra Cabrera como trabajadora sexual y dirigente sindical dentro del movimiento obrero argentino y feminista en los primeros a\u00f1os [&hellip;]<\/p>\n","protected":false},"author":2,"featured_media":1776,"parent":0,"menu_order":0,"comment_status":"closed","ping_status":"closed","template":"elementor_header_footer","meta":{"om_disable_all_campaigns":false,"site-sidebar-layout":"no-sidebar","site-content-layout":"page-builder","ast-site-content-layout":"default","site-content-style":"default","site-sidebar-style":"default","ast-global-header-display":"","ast-banner-title-visibility":"","ast-main-header-display":"","ast-hfb-above-header-display":"","ast-hfb-below-header-display":"","ast-hfb-mobile-header-display":"","site-post-title":"disabled","ast-breadcrumbs-content":"","ast-featured-img":"disabled","footer-sml-layout":"","ast-disable-related-posts":"","theme-transparent-header-meta":"","adv-header-id-meta":"","stick-header-meta":"","header-above-stick-meta":"","header-main-stick-meta":"","header-below-stick-meta":"","astra-migrate-meta-layouts":"set","ast-page-background-enabled":"default","ast-page-background-meta":{"desktop":{"background-color":"var(--ast-global-color-4)","background-image":"","background-repeat":"repeat","background-position":"center center","background-size":"auto","background-attachment":"scroll","background-type":"","background-media":"","overlay-type":"","overlay-color":"","overlay-opacity":"","overlay-gradient":""},"tablet":{"background-color":"","background-image":"","background-repeat":"repeat","background-position":"center center","background-size":"auto","background-attachment":"scroll","background-type":"","background-media":"","overlay-type":"","overlay-color":"","overlay-opacity":"","overlay-gradient":""},"mobile":{"background-color":"","background-image":"","background-repeat":"repeat","background-position":"center center","background-size":"auto","background-attachment":"scroll","background-type":"","background-media":"","overlay-type":"","overlay-color":"","overlay-opacity":"","overlay-gradient":""}},"ast-content-background-meta":{"desktop":{"background-color":"var(--ast-global-color-5)","background-image":"","background-repeat":"repeat","background-position":"center center","background-size":"auto","background-attachment":"scroll","background-type":"","background-media":"","overlay-type":"","overlay-color":"","overlay-opacity":"","overlay-gradient":""},"tablet":{"background-color":"var(--ast-global-color-5)","background-image":"","background-repeat":"repeat","background-position":"center center","background-size":"auto","background-attachment":"scroll","background-type":"","background-media":"","overlay-type":"","overlay-color":"","overlay-opacity":"","overlay-gradient":""},"mobile":{"background-color":"var(--ast-global-color-5)","background-image":"","background-repeat":"repeat","background-position":"center center","background-size":"auto","background-attachment":"scroll","background-type":"","background-media":"","overlay-type":"","overlay-color":"","overlay-opacity":"","overlay-gradient":""}},"footnotes":""},"class_list":["post-803","page","type-page","status-publish","has-post-thumbnail","hentry"],"aioseo_notices":[],"_links":{"self":[{"href":"https:\/\/mataraunaputasindicalista.com.ar\/index.php\/wp-json\/wp\/v2\/pages\/803","targetHints":{"allow":["GET"]}}],"collection":[{"href":"https:\/\/mataraunaputasindicalista.com.ar\/index.php\/wp-json\/wp\/v2\/pages"}],"about":[{"href":"https:\/\/mataraunaputasindicalista.com.ar\/index.php\/wp-json\/wp\/v2\/types\/page"}],"author":[{"embeddable":true,"href":"https:\/\/mataraunaputasindicalista.com.ar\/index.php\/wp-json\/wp\/v2\/users\/2"}],"replies":[{"embeddable":true,"href":"https:\/\/mataraunaputasindicalista.com.ar\/index.php\/wp-json\/wp\/v2\/comments?post=803"}],"version-history":[{"count":112,"href":"https:\/\/mataraunaputasindicalista.com.ar\/index.php\/wp-json\/wp\/v2\/pages\/803\/revisions"}],"predecessor-version":[{"id":1921,"href":"https:\/\/mataraunaputasindicalista.com.ar\/index.php\/wp-json\/wp\/v2\/pages\/803\/revisions\/1921"}],"wp:featuredmedia":[{"embeddable":true,"href":"https:\/\/mataraunaputasindicalista.com.ar\/index.php\/wp-json\/wp\/v2\/media\/1776"}],"wp:attachment":[{"href":"https:\/\/mataraunaputasindicalista.com.ar\/index.php\/wp-json\/wp\/v2\/media?parent=803"}],"curies":[{"name":"wp","href":"https:\/\/api.w.org\/{rel}","templated":true}]}}